{"id":103,"date":"2016-05-01T22:15:38","date_gmt":"2016-05-01T20:15:38","guid":{"rendered":"http:\/\/www.psychotherapie-niedermayr.at\/first\/?page_id=103"},"modified":"2017-01-05T11:56:07","modified_gmt":"2017-01-05T10:56:07","slug":"kontakt","status":"publish","type":"page","link":"http:\/\/www.psychotherapie-niedermayr.at\/?page_id=103","title":{"rendered":"Kontakt"},"content":{"rendered":"<p>Mag. Lorenz Niedermayr<br \/>\nOttakringerstra\u00dfe 20<br \/>\n1170 Wien<\/p>\n<p>Tel: 0680 32 575 48<br \/>\nmail: lorenz.niedermayr@gmx.at<\/p>\n<p>\u00d6ffentliche Erreichbarkeit:<br \/>\nU6 (Alser Stra\u00dfe), Stra\u00dfenbahn 43 (Alser Stra\u00dfe),\u00a0 Stra\u00dfenbahn 44 (Hernalser G\u00fcrtel)<\/p>\n<p>&nbsp;<\/p>\n<p>&nbsp;<\/p>\n<p>&nbsp;<\/p>\n","protected":false},"excerpt":{"rendered":"<p>Mag. Lorenz Niedermayr Ottakringerstra\u00dfe 20 1170 Wien Tel: 0680 32 575 48 mail: lorenz.niedermayr@gmx.at \u00d6ffentliche Erreichbarkeit: U6 (Alser Stra\u00dfe), Stra\u00dfenbahn 43 (Alser Stra\u00dfe),\u00a0 Stra\u00dfenbahn 44 (Hernalser G\u00fcrtel) &nbsp; &nbsp; &nbsp;<\/p>\n","protected":false},"author":1,"featured_media":0,"parent":0,"menu_order":5,"comment_status":"closed","ping_status":"closed","template":"","meta":{"footnotes":""},"class_list":["post-103","page","type-page","status-publish","hentry"],"amp_enabled":true,"_links":{"self":[{"href":"http:\/\/www.psychotherapie-niedermayr.at\/index.php?rest_route=\/wp\/v2\/pages\/103","targetHints":{"allow":["GET"]}}],"collection":[{"href":"http:\/\/www.psychotherapie-niedermayr.at\/index.php?rest_route=\/wp\/v2\/pages"}],"about":[{"href":"http:\/\/www.psychotherapie-niedermayr.at\/index.php?rest_route=\/wp\/v2\/types\/page"}],"author":[{"embeddable":true,"href":"http:\/\/www.psychotherapie-niedermayr.at\/index.php?rest_route=\/wp\/v2\/users\/1"}],"replies":[{"embeddable":true,"href":"http:\/\/www.psychotherapie-niedermayr.at\/index.php?rest_route=%2Fwp%2Fv2%2Fcomments&post=103"}],"version-history":[{"count":9,"href":"http:\/\/www.psychotherapie-niedermayr.at\/index.php?rest_route=\/wp\/v2\/pages\/103\/revisions"}],"predecessor-version":[{"id":194,"href":"http:\/\/www.psychotherapie-niedermayr.at\/index.php?rest_route=\/wp\/v2\/pages\/103\/revisions\/194"}],"wp:attachment":[{"href":"http:\/\/www.psychotherapie-niedermayr.at\/index.php?rest_route=%2Fwp%2Fv2%2Fmedia&parent=103"}],"curies":[{"name":"wp","href":"https:\/\/api.w.org\/{rel}","templated":true}]}}